w)?
12
Let n be 3/(-3)*(-3 + 0). Let t(p) = -p**3 + p + 1. What is t(n)?
-23
Let v be 12/(-15)*5/(-2). Suppose -v*s + 6 = -2*n, -n + 0 - 7 = 3*s. Let m be 2/n*(-24)/(-3). Let x(w) = -w**3 - 3*w**2 + 5*w + 3. Determine x(m).
-1
Let d(x) = -x**3 + 8*x**2 - 4*x - 6. Let z(r) = -r**3 + 7*r**2 - 3*r - 5. Let w be -5 - (0/(-4))/(-4). Let s(l) = w*z(l) + 4*d(l). Calculate s(4).
13
Let k(o) = o**2 - 5*o + 2. Let s(b) = -b**2 - 8*b - 2. Let v(n) = n - 7. Let t be v(0). Let f be s(t). Give k(f).
2
Let g(x) be the third derivative of -x**6/120 + x**5/20 + x**4/8 + x**3/6 - x**2. Suppose -2*f = -3*c, 0*c - 7 = 2*c + f. Calculate g(c).
15
Suppose -4*w + 28 = -6*w. Let y = w + 20. Let b(z) = z**3 - 5*z**2 - 5*z - 6. Give b(y).
0
Let i be (0 + 1)/((-1)/(-7)). Let w(b) = 3*b - 1 - b - i*b. Suppose -2*s - 17 = -2*o + 5*o, -3*s + 5*o + 22 = 0. Determine w(s).
4
Let y(c) = 13*c**2 + c. Let u be (-2)/10 + -1 + 20/100. Determine y(u).
12
Let s(z) be the second derivative of z**5/20 + z**4/3 + z**3 - 41*z. What is s(-4)?
-24
Suppose 4*l - 27 - 4 = -5*j, -l + 19 = 5*j. Let b(c) = -2*c + c - l*c - c. Give b(-1).
6
Let a(i) = 12*i + 4. Let j(x) = 24*x + 7. Let p(o) = 5*a(o) - 3*j(o). What is p(-3)?
35
Let g(q) = 13*q**2 + q + 1. Let n = 5 - 0. Suppose 0 = -s + n*p - 21, p + 7 = s + 3*p. What is g(s)?
13
Let p be (1*-2)/(3/6). Let a(u) = u**2 - 10*u**2 + 5*u - 3*u**3 + 2*u**3 + 6*u**2. Calculate a(p).
-4
Let u = -16 - -19. Let k(y) = -4*y**3 + 3*y**2 - 2*y + 3. Let n(c) = -3*c**3 + 3*c**2 - 2*c + 3. Let s(w) = 2*k(w) - 3*n(w). Give s(u).
3
Let i(s) = -s**3 - 3*s**2 + 6*s + 2. Let x = -2 + 4. Suppose -3*f = x*f + 30. Let u = -10 - f. Give i(u).
-6
Let m(x) = 0*x**2 - x**2 - x**2. Suppose -5*o + 2*v + 16 = -3*o, 3*v + 30 = 5*o. Let b = 5 - o. What is m(b)?
-8
Let j(m) = -3*m**2 + 9*m + 1. Let w(l) = 5*l - l + 0*l - l**2. Let v(k) = -2*j(k) + 5*w(k). What is v(-3)?
1
Let l(t) = 2 - 6*t**2 + 6*t**3 - 5*t - 7*t**3 - 1. Suppose -3*x - 4 = 11. What is l(x)?
1
Let n(t) = -t + 2. Let p be (-2)/((-5)/30*2). What is n(p)?
-4
Let y(s) be the first derivative of s**3/6 - s**2/2 + 6*s - 3. Let c(v) be the first derivative of y(v). Give c(-5).
-6
Let b = -150 - -147. Let j(d) = -2*d**2 - 3*d - 1. Determine j(b).
-10
Let o(y) = y**3 + 6*y**2 - 2*y - 8. Let n be 2/((-1)/(-3)*-1). Calculate o(n).
4
Let j(y) = 4*y**2 + 5 - 6*y**2 - 3. What is j(3)?
-16
Let r(j) = -j. Let f(s) = s**3 - 5*s**2 + 5*s. Suppose -4*g - 43 = -0*g + 5*h, 2*h = -6. Let z = -3 - g. Let m be f(z). Determine r(m).
-4
Let w be (2 + -1 + 0)*-10. Let z(q) = -q. Let h(m) = 8*m - 6. Let t(d) = w*z(d) - h(d). Determine t(-6).
-6
Let b = 35 - 21. Suppose -3*d + 5*d + 2*y = 12, -d = 3*y - b. Let m(i) = -3 + i + 7 - d*i + 0*i. What is m(-3)?
7
Let w(y) be the third derivative of y**5/30 + y**4/12 + 4*y**2. Let c(g) = 3*g**2 + 2*g. Let r(q) = 4*c(q) - 5*w(q). Determine r(2).
4
Let w(n) = n**2 + 4*n - 2. Let f be w(-4). Let m(u) = 2 + u + 0 + 7*u - 6*u. Calculate m(f).
-2
Let a(u) = -3*u**2 + 2*u - 1. Suppose 0 = 5*h + 4*b - 1, b - 2 = -5*h - 2*b. Give a(h).
-2
Let t(o) = -13*o**2 + 10*o + 13. Let y(g) = 7*g**2 - 5*g - 7. Let j(f) = -6*t(f) - 11*y(f). Calculate j(5).
-1
Suppose -l = 2*w - 11, 3*l - 8 = 2*w - 3*w. Let m(c) be the second derivative of 2*c + 7/12*c**4 + 0*c**2 - 1/6*c**3 + 0. Calculate m(l).
6
Let t(d) = -8*d - 1. Suppose f + 3 = -a, -f - 5 = 2*a - 3*a. Determine t(a).
-9
Suppose -20 = 4*u - 0*u. Let l(o) = 17 + 0*o + 2*o + 9 - 21. What is l(u)?
-5
Let w = 186 + -183. Let l(i) be the third derivative of 1/12*i**4 + 0*i + 0 + 4*i**2 - 1/15*i**5 - 1/6*i**w. Give l(1).
-3
Let o(i) be the second derivative of -i**3/6 - 3*i**2/2 + 5*i. Give o(-4).
1
Suppose -s + 6 = i, -4*s = -5*i + 3 - 0. Let z(n) be the first derivative of 0*n + 1/3*n**i + 2 + n**2. What is z(-4)?
8
Let p(z) = 0*z**2 - 8*z + 9 + 0*z**2 + z**2. Suppose -2*v = s + 4, 2*s + 3*v + 45 = 7*s. Determine p(s).
-3
Let g(q) be the third derivative of 1/15*q**5 - 1/6*q**3 + 2*q**2 + 0*q**4 + 0 + 0*q. Let j(b) be the first derivative of g(b). Give j(-1).
-8
Let y(w) = -w**2 - w - 3. Suppose -2*v = -6*v - 24. Let c = 6 + v. Calculate y(c).
-3
Let d(o) = o**3 + o**2 - 1. Let y be 1*(-2 - (-1 + -2)). Give d(y).
1
Let u(i) = -i**3 + 2*i**2 + i - 2. Let l be u(2). Let m(v) be the third derivative of v**4/24 - 7*v**3/6 + 4*v**2. What is m(l)?
-7
Let s(j) = -3*j - 1. Let i = 7 + -5. Calculate s(i).
-7
Let k(i) be the second derivative of -1/3*i**3 - 1/12*i**4 - 4*i + 0 + i**2. Give k(-3).
-1
Let o(z) = z**2 - 9*z + 10. Suppose 5*x - 61 + 21 = 0. Let y be o(x). Suppose -5*p + y*c = 10, -4*c = p - c + 19. Let m(l) = l**2 + 6*l + 5. What is m(p)?
-3
Let f(g) = 2*g**3 + g**2 - g + 2. Suppose k + 4 = -k. Calculate f(k).
-8
Let m(s) = s**3 - 6*s**2 - s + 6. Let d be (3/(-5 + 2))/(-1). Let u be 0 + 1 + d - -4. Let t be m(u). Let k(w) = w + 2. Calculate k(t).
2
Let c(g) = 31*g**3 + 6 + 2*g - 6*g**2 + 3 - g**2 - 30*g**3. Determine c(7).
23
Let q(z) be the first derivative of -2*z**2 - 5*z - 2. What is q(-5)?
15
Let r = 74 - 71. Let m(a) = -a - 1. Determine m(r).
-4
Let p be (0 - 1)/((-2)/6). Let k(h) = -4*h + 0*h + 2*h. Calculate k(p).
-6
Let d = 20 + -23. Let t(u) be the first derivative of 2*u**3/3 + 5*u**2/2 + 3*u - 2. Calculate t(d).
6
Let j(x) be the first derivative of -6*x + x + x**3 + 2 + x**2 + 3*x. Suppose 4*s = -s - 10. Give j(s).
6
Let b(p) = -4*p**2 + 9*p - 6. Let i(y) = y**2 - y + 1. Let o(f) = -b(f) - 6*i(f). Suppose g = 5*g - 24. Suppose 4 + g = -5*v. Determine o(v).
-2
Let d = 1 - 2. Let c be 1/(-2)*-4 - d. Let i(h) = 0*h**3 + 2*h + 0*h - 3*h**2 + h**c. What is i(3)?
6
Let i be -1 + 10/(6/(-3)). Let y = -1 - i. Let b(v) = -5 - 12*v**3 + y*v + 5 - 4*v. Determine b(-1).
11
Let r(i) = -i**2 - 6*i + 7. Let g = -81 + 74. Give r(g).
0
Let d(r) = -4*r - 47. Let h be d(-13). Let z(f) = 0*f**3 + f - f**3 + 3 + 2 + 5*f**2. Calculate z(h).
10
Let u(s) be the third derivative of 0*s - 1/12*s**4 + 1/60*s**5 - 6*s**2 - 2/3*s**3 + 0. Determine u(4).
4
Let k(r) = 8*r + 5. Let q(g) = 7*g + 3. Let u(w) = -4*k(w) + 5*q(w). Determine u(4).
7
Let w(x) = -2*x**2 - 4*x - 2. Suppose -2*p + 2 = 10. Let a be 0 + 3*p/6. Calculate w(a).
-2
Let g(m) = 5*m**2 - 2*m + 1. Let n be g(1). Suppose n*f + 5*s = -7, -2*f - f + 9 = -s. Let j(l) = 2*l**2 - 3*l + 2. Determine j(f).
4
Let z(w) = 4 - 6*w**2 + 0*w**2 + 7*w**2 - 8*w. Calculate z(4).
-12
Let n(w) = 8*w**3 + 3*w - 2. Let a(j) be the third derivative of j**6/15 + j**4/12 - j**3/6 + j**2. Let b(k) = -3*a(k) + 2*n(k). Let s = 15 - 16. What is b(s)?
7
Let f(d) = 0*d**3 + 0*d**3 + d**2 - 1 + 2*d**3 - d**3. Determine f(-1).
-1
Suppose 2*k + 2 = 4*k. Let f(a) = 5*a**2 + 4*a - 4. Let v(d) = -d**2 - d + 1. Let y(c) = -f(c) - 3*v(c). What is y(k)?
-2
Let z(o) = o**2 - 6*o + 2. Let t be (-6)/9 - 28/(-6). Suppose t*a + 9 = a. Let c = 1 - a. Give z(c).
-6
Let n = -17 - -16. Let b(l) = -7*l**2 + 3*l - 4. Let y(o) = 7*o**2 - 2*o + 3. Let f(c) = 3*b(c) + 4*y(c). Give f(n).
6
Let h(u) = -2*u + 9. Let r be h(4). Let l be -14*1/(-2)*r. Let x(j) = -j - 1. Calculate x(l).
-8
Let g(n) = n**3 - 2*n**2. Suppose -w - 3 = 3*y, 0*y - 3 = 4*y + w. Suppose 3*s - 5 - 1 = y. Determine g(s).
0
Let r(i) be the second derivative of i**4/12 - i**3/3 - 3*i**2/2 - 12*i. Determine r(5).
12
Let l(h) = -h**3 - 3*h**2 - 4*h - 3. Let v be ((-2)/4)/(1/4). Calculate l(v).
1
Let c be (-5 - -8)/(0 + 1). Let t be (2/c)/((-6)/(-9)). Let z(g) be the third derivative of -g**5/30 - g**4/12 + g**3/6 - 2*g**2. What is z(t)?
-3
Let y(p) be the third derivative of -p**5/30 + p**4/24 + p**3/6 + 14*p**2. What is y(-2)?
-9
Let x(z) = z**2 + z + 1. Suppose -7 + 2 = -p, 0 = i - p + 11. What is x(i)?
31
Let y(j) be the third derivative of -j**6/360 - j**5/30 - j**4/12 + j**3/2 + j**2. Let o(n) be the first derivative of y(n). Calculate o(-3).
1
Let t(u) be the second derivative of -u**7/840 - u**6/120 + u**5/120 + u**4/24 - 2*u**3/3 - 2*u. Let f(r) be the second derivative of t(r). What is f(-3)?
-2
Let x be 7/(14/(-4)) - (5 + -3). Let p(r) = r**2 + 5*r. What is p(x)?
-4
Let q(f) = -5*f + 11*f - 7*f - 2*f + 2 - f**2. Let v(d) = 3*d**3 - 2*d**2 + 1. Let i be v(1). Give q(i).
-8
Suppose 0 = -4*q - 0*q + 2*c + 14, -3*c = 5*q - 12. Let k(g) = 0*g**2 - g**2 + q*g + 2*g**2 + 0*g**2. Give k(-4).
4
Let